068?
2, 11, 23, 53, 313
What are the prime factors of 2345891?
2345891
What are the prime factors of 5506299?
3, 67979
List the prime factors of 17415706.
2, 7, 11, 113089
List the prime factors of 17915.
5, 3583
List the prime factors of 860852.
2, 19, 47, 241
What are the prime factors of 619489?
13, 47653
What are the prime factors of 369516?
2, 3, 7, 53, 83
What are the prime factors of 1582606?
2, 257, 3079
What are the prime factors of 437033?
437033
List the prime factors of 6692845.
5, 19, 70451
What are the prime factors of 288931?
288931
What are the prime factors of 7529780?
2, 5, 383, 983
What are the prime factors of 1807668?
2, 3, 149, 337
List the prime factors of 8924362.
2, 4462181
What are the prime factors of 316829?
17, 18637
What are the prime factors of 6715303?
7, 19, 7213
What are the prime factors of 3145749?
3, 1048583
List the prime factors of 2822047.
43, 65629
What are the prime factors of 408934?
2, 41, 4987
List the prime factors of 834526.
2, 7, 11, 5419
What are the prime factors of 112750?
2, 5, 11, 41
What are the prime factors of 63366?
2, 3, 59, 179
What are the prime factors of 16180760?
2, 5, 31, 13049
List the prime factors of 544696.
2, 68087
What are the prime factors of 13403027?
11, 1218457
List the prime factors of 25180891.
821, 30671
List the prime factors of 671069.
7, 37, 2591
What are the prime factors of 2727781?
7, 179, 311
What are the prime factors of 380467?
101, 3767
What are the prime factors of 98344?
2, 19, 647
List the prime factors of 7660083.
3, 757, 3373
What are the prime factors of 2554269?
3, 851423
List the prime factors of 1083967.
23, 47129
What are the prime factors of 24135085?
5, 13, 151, 2459
List the prime factors of 3486700.
2, 5, 7, 17, 293
What are the prime factors of 6507895?
5, 197, 6607
List the prime factors of 232910.
2, 5, 23291
List the prime factors of 1735258.
2, 7, 17, 23, 317
List the prime factors of 17260068.
2, 3, 7, 205477
What are the prime factors of 2346124?
2, 11, 71, 751
What are the prime factors of 2521577?
157, 16061
What are the prime factors of 108178?
2, 7, 7727
List the prime factors of 1235122.
2, 7, 88223
List the prime factors of 20004979.
20004979
What are the prime factors of 9145911?
3, 41, 74357
List the prime factors of 196098.
2, 3, 7, 23, 29
List the prime factors of 2818764.
2, 3, 13, 19, 317
What are the prime factors of 89032?
2, 31, 359
What are the prime factors of 309006?
2, 3, 17167
What are the prime factors of 23136962?
2, 11568481
What are the prime factors of 2372894?
2, 17, 101, 691
List the prime factors of 620802.
2, 3, 7, 13, 379
What are the prime factors of 3773882?
2, 7, 97, 397
List the prime factors of 12575702.
2, 239, 26309
List the prime factors of 1023261.
3, 341087
What are the prime factors of 876093?
3, 23, 12697
What are the prime factors of 313236?
2, 3, 7, 11, 113
What are the prime factors of 16440171?
3, 11, 61, 8167
What are the prime factors of 3093568?
2, 48337
List the prime factors of 515202.
2, 3, 17, 5051
What are the prime factors of 620953?
89, 6977
List the prime factors of 2838436.
2, 709609
What are the prime factors of 4911137?
7, 11, 63781
List the prime factors of 1437414.
2, 3, 11, 29, 751
What are the prime factors of 407761?
173, 2357
List the prime factors of 1156787.
199, 5813
List the prime factors of 110373.
3, 36791
What are the prime factors of 767315?
5, 19, 41, 197
What are the prime factors of 1153533?
3, 29, 13259
List the prime factors of 934496.
2, 19, 29, 53
What are the prime factors of 2110944?
2, 3, 11, 1999
List the prime factors of 220087.
7, 23, 1367
List the prime factors of 1384915.
5, 7, 39569
List the prime factors of 751223.
11, 31, 2203
What are the prime factors of 136200?
2, 3, 5, 227
What are the prime factors of 9238924?
2, 577, 4003
What are the prime factors of 1348913?
1348913
What are the prime factors of 139016?
2, 17377
What are the prime factors of 3005182?
2, 1502591
List the prime factors of 770369.
61, 73, 173
What are the prime factors of 56801?
79, 719
List the prime factors of 9080157.
3, 19, 241, 661
What are the prime factors of 378197?
131, 2887
What are the prime factors of 559116?
2, 3, 31, 167
What are the prime factors of 294701?
11, 73, 367
What are the prime factors of 231366?
2, 3, 38561
What are the prime factors of 337966?
2, 29, 5827
List the prime factors of 204346.
2, 83, 1231
List the prime factors of 4117979.
4117979
What are the prime factors of 1355330?
2, 5, 135533
What are the prime factors of 1016822?
2, 131, 3881
What are the prime factors of 1818389?
431, 4219
List the prime factors of 1866279.
3, 41, 15173
List the prime factors of 11394254.
2, 5697127
What are the prime factors of 294354?
2, 3, 23, 79
What are the prime factors of 428678?
2, 19, 29, 389
List the prime factors of 6942433.
6942433
What are the prime factors of 77353?
103, 751
List the prime factors of 880822.
2, 37, 11903
What are the prime factors of 7001553?
3, 13, 179527
List the prime factors of 598675.
5, 7, 11, 311
List the prime factors of 1624448.
2, 7, 37
List the prime factors of 2423563.
2423563
List the prime factors of 19741291.
23, 858317
What are the prime factors of 1102667?
29, 47, 809
List the prime factors of 6971383.
6971383
What are the prime factors of 2450197?
181, 13537
What are the prime factors of 6174334?
2, 3087167
List the prime factors of 5344345.
5, 419, 2551
List the prime factors of 282306.
2, 3, 47051
List the prime factors of 2204681.
919, 2399
What are the prime factors of 252340?
2, 5, 11, 31, 37
List the prime factors of 1103797.
1103797
List the prime factors of 7350.
2, 3, 5, 7
What are the prime factors of 179298?
2, 3, 7, 1423
List the prime factors of 3126149.
13, 240473
List the prime factors of 286050.
2, 3, 5, 1907
What are the prime factors of 9044483?
7, 1292069
What are the prime factors of 6725650?
2, 5, 134513
List the prime factors of 638217.
3, 70913
List the prime factors of 78831.
3, 19, 461
List the prime factors of 31004050.
2, 5, 7, 11, 8053
What are the prime factors of 22159606?
2, 7, 31, 51059
What are the prime factors of 855594?
2, 3, 47533
What are the prime factors of 4730295?
3, 5, 23, 13711
List the prime factors of 1132148.
2, 383, 739
What are the prime factors of 359394?
2, 3, 7, 43, 199
What are the prime factors of 30561852?
2, 3, 17, 37, 4049
What are the prime factors of 114372?
2, 3, 353
What are the prime factors of 22955?
5, 4591
What are the prime factors of 205848?
2, 3, 953
What are the prime factors of 966001?
41, 23561
List the prime factors of 2259364.
2, 683, 827
List the prime factors of 4815584.
2, 61, 2467
List the prime factors of 6168.
2, 3, 257
What are the prime factors of 2401329?
3, 7, 41, 2789
List the prime factors of 924834.
2, 3, 17, 9067
What are the prime factors of 4891371?
3, 1630457
List the prime factors of 898010.
2, 5, 89, 1009
What are the prime factors of 1796743?
13, 41, 3371
What are the prime factors of 2717232?
2, 3, 7, 8087
What are the prime factors of 21015796?
2, 1051, 4999
What are the prime factors of 422636?
2, 19, 67, 83
What are the prime factors of 402831?
3, 11, 13, 313
List the prime factors of 27245.
5, 5449
What are the prime factors of 7375281?
3, 2458427
What are the prime factors of 5141684?
2, 17, 83, 911
List the prime factors of 22019.
97, 227
List the prime factors of 362269.
67, 5407
What are the prime factors of 11834401?
977, 12113
What are the prime factors of 2265715?
5, 453143
What are the prime factors of 47830?
2, 5, 4783
What are the prime factors of 5646359?
59, 95701
What are the prime factors of 3899659?
29, 134471
What are the prime factors of 3023037?
3, 335893
What are the prime factors of 49038?
2, 3, 11, 743
List the prime factors of 932361.
3, 167, 1861
List the prime factors of 1465304.
2, 151, 1213
What are the prime factors of 1089382?
2, 7, 77813
What are the prime factors of 506496?
2, 3, 1319
List the prime factors of 20746638.
2, 3, 11, 53, 659
What are the prime factors of 9003166?
2, 17, 23, 29, 397
What are the prime factors of 40516?
2, 7, 1447
What are the prime factors of 8874412?
2, 23, 96461
List the prime factors of 4019872.
2, 125621
List the prime factors of 6657800.
2, 5, 33289
W